33 = -5*d. What is the greatest common divisor of d and g?
10
Let o = 5 + -3. Calculate the highest common divisor of o and 6.
2
Let t be (-2 + 0)*(-3 - -2). Let y(r) = 5*r - 9. Let p be y(3). Calculate the greatest common factor of p and t.
2
Suppose -3*v + 9*v = 0. Suppose -d - 3*p + 2 = -0*p, p + 4 = v. Suppose -3*w + 224 = -w. What is the highest common factor of d and w?
14
Let a be (-6)/(-9)*(103 + -1). Calculate the highest common factor of 170 and a.
34
Suppose 14*z - 26 = 590. What is the greatest common factor of z and 66?
22
Let t = 1 + -3. Let b(y) = -11*y**3 - 2*y**2. Let l be b(t). Calculate the highest common factor of 10 and l.
10
Let a(y) = y**2 + 11*y + 30. Let n be a(-14). What is the highest common factor of 8 and n?
8
Let z = -23 + 27. What is the highest common factor of z and 20?
4
Let r = -153 + 253. Let v(d) = -39*d**3 + 2*d**2 + d. Let s be v(-1). What is the highest common factor of s and r?
20
Suppose 3 = 5*u + 3*n, 9 = -0*u - u - 3*n. What is the highest common divisor of u and 2?
1
Suppose -3*u - 14 + 2 = 0, 3*b - 2*u - 2 = 0. Let p be b/(-4) - 2075/10. Let w = -109 - p. What is the highest common divisor of 14 and w?
14
Suppose 110 + 16 = 14*b. Calculate the highest common factor of 15 and b.
3
Let h = -8 + 16. Suppose 3*o + s = 6, 0*o - 11 = -2*o - 3*s. What is the highest common divisor of h and o?
1
Let r be (-1 + 10)/(21/14). Calculate the highest common divisor of 48 and r.
6
Let i(k) = 2*k**2 + 7*k - 8. Let s be i(-5). What is the greatest common divisor of s and 56?
7
Suppose 83*f = 88*f - 210. Calculate the highest common factor of f and 63.
21
Suppose 0 = 4*p - 0*p + 2*d - 6, 4*d + 8 = 2*p. Suppose b + 91 = p*b. Calculate the highest common divisor of 13 and b.
13
Suppose 14 - 2 = 4*k. Suppose g + 8 = k*z, 10 + 6 = 5*z + g. Suppose q - 4*y - 38 = 0, 5*q - 2*y + z*y = 85. Calculate the highest common divisor of q and 18.
18
Suppose 6*m - 150 = 4*m. Let t = 131 - m. Suppose 24 = 2*g - c - 2, -5*g - 2*c = -t. What is the highest common factor of g and 18?
6
Let m = -13 + 40. Suppose -w + m = -7. Let p = -19 + w. What is the greatest common divisor of 45 and p?
15
Suppose 0 = -2*y + 23 - 3. Suppose -6 = -2*m + y. Calculate the highest common divisor of m and 32.
8
Suppose 4*w = -a + 12, w - 4 = a - 6. Suppose o = -3*o + 5*x + 46, 6 = 3*x. What is the highest common factor of o and w?
2
Let p = 4 + 0. Let g(c) = 3*c - 2. Let r(x) = 2*x - 1. Let v(h) = -2*g(h) + 5*r(h). Let m be v(p). What is the greatest common divisor of m and 60?
15
Let m = -2 + 18. Let g = -190 - -334. Calculate the greatest common factor of m and g.
16
Suppose -3*r = -49 - 11. Let y be r + (-6 + -3)/(-3). Calculate the highest common divisor of 23 and y.
23
Let w be (-266)/(-11) + (-4)/22. Let p(r) = -84*r. Let c be p(-2). Calculate the highest common divisor of c and w.
24
Let b be -1*2 - (-5 - 11). What is the highest common divisor of 35 and b?
7
Suppose -12 = 6*f - 7*f. What is the highest common factor of 18 and f?
6
Let d(t) = -t**2 + 13*t + 4. Let p be d(13). What is the greatest common divisor of 12 and p?
4
Suppose 2*u + 0*u = 4. Suppose -4*i - 8 = d - u, -5*d + 42 = -4*i. Let p(n) = 5*n. Let z be p(6). What is the highest common divisor of d and z?
6
Let z = -15 - -26. What is the highest common divisor of z and 1?
1
Let r(y) = 2*y**2 - 7*y + 4. Let w be ((-3)/(-2))/((-15)/(-40)). Let h be r(w). What is the highest common divisor of h and 40?
8
Let u be ((-1 - 3) + 1)*-1. Let f be 28*4/6*u. What is the greatest common factor of f and 7?
7
Let l = -174 - -113. Let s = l - -166. What is the greatest common divisor of 21 and s?
21
Let l = 69 + -3. Suppose -3*d = -x + l, -2*d + 3*d + 66 = x. Suppose 20 = -4*u, o + 4*u = u - 9. What is the greatest common factor of o and x?
6
Let t(d) = 13*d**2 - d + 2. Let z be t(-2). Let a(h) = 9*h**2 - 2*h + 1. Let q be a(1). Calculate the highest common factor of z and q.
8
Let o = -40 + 60. Let k(w) = -w**3 + 4*w**2 + 8*w - 5. Let s be k(5). What is the highest common factor of o and s?
10
Suppose -4*v + 304 = v + 4*t, -2*t = -2. What is the greatest common factor of 40 and v?
20
Let k(n) = 22*n**2 - 3*n - 2. Let j be k(3). Calculate the greatest common divisor of j and 17.
17
Let o(i) = -2*i**2 + 2*i + 1. Let c be o(2). Let m be (2 + c)*(6 + 0). Let g be 45/m*(-12)/10. Calculate the highest common factor of g and 72.
9
Suppose -2*n = 4*v - 32, -n + 4*n - 12 = 3*v. Let l(t) = 14 + 2*t - 2*t - t. Let y be l(6). Calculate the greatest common factor of y and n.
8
Let s be 80/24 + (-2)/(-3). Suppose -5*w = -t - 3, -s*t - 5*w + 63 = -0*t. Suppose -g + t = -0. What is the highest common factor of g and 48?
12
Let q = -23 + 48. Calculate the highest common factor of 5 and q.
5
Let x be (-3632)/(-80) + 2/(-5). What is the greatest common divisor of x and 30?
15
Suppose q + 4 = -3*z, 0*q = -2*z + 3*q + 12. Suppose 21 = 3*s - z*s. What is the greatest common factor of s and 35?
7
Suppose 0 = -0*h + h - 55. Suppose -q - 4*y = -3*q - 2, -2*y + h = 5*q. Calculate the highest common factor of 27 and q.
9
Let o(c) = -c**3 - 6*c**2. Let z be o(-5). Let u be ((-6)/15)/(1/z). What is the highest common factor of 10 and u?
10
Suppose 4*t = 5*t - 12. Suppose -19 = r + 5*d, 2*d + 8 + 14 = 2*r. Let b = r - 0. What is the highest common factor of b and t?
6
Let l(b) = b + 15. Let x be l(0). Suppose -5*s - 6 + 16 = 0. Suppose 5*m = -3*n + 350, 484 = 4*n - s*m - 0*m. What is the highest common factor of x and n?
15
Let d = 78 + -23. Suppose 0 = -0*z - z - 4*a + 34, 0 = z + 5*a - 37. Calculate the greatest common divisor of d and z.
11
Suppose 0 = 5*j - 16 - 4. Suppose -108 - 275 = -j*d + i, d + i - 92 = 0. Calculate the greatest common divisor of 19 and d.
19
Let i = 502 + -331. Let g(h) = -20*h**3 - 2*h**2 + 1. Let d be g(-1). What is the greatest common divisor of d and i?
19
Let y = 239 - 104. What is the highest common divisor of 15 and y?
15
Let t(c) = -c**3 - 3*c**2 + 2. Let p be t(-3). What is the greatest common factor of 1 and p?
1
Let c = -68 - -73. What is the greatest common factor of c and 45?
5
Suppose 7*a - 76 = 148. Calculate the highest common factor of a and 112.
16
Suppose -2*f + 9 = 3. Let h be -6*(-3 + 0)/f. Calculate the highest common factor of 9 and h.
3
Let g = -19 + 4. Let m(b) = -b**2 - 18*b + 1. Let w be m(g). Let c(a) = 24*a - 1. Let n be c(1). Calculate the highest common divisor of n and w.
23
Suppose 2*w - 4*i = 158, -179 + 51 = -2*w - 2*i. Calculate the highest common factor of 46 and w.
23
Suppose -3 = u + 2*u. Let y be (u + (-2)/(-6))*-3. Let d be (-1*(-3)/(-2))/((-54)/288). Calculate the highest common factor of d and y.
2
Suppose 5*o - 290 = -0*o. Let v = o - -74. Calculate the highest common factor of 12 and v.
12
Let c = -55 + 264. Let o = -38 + 57. Calculate the highest common factor of o and c.
19
Let s be (-3)/((-5)/(40/12)). Suppose -4*f = 3*c - 57, s*f = -3*f + 4*c + 48. Calculate the greatest common divisor of f and 36.
12
Let i be 1/2 + (-169)/(-26). Calculate the highest common divisor of i and 35.
7
Let g be ((-57)/(-2))/(2/4). Let s = g - 19. Suppose s + 16 = 3*a. Calculate the highest common divisor of a and 6.
6
Let k(h) = 2*h**3 - h**2 - 2*h + 4. Let y be k(2). What is the highest common factor of y and 6?
6
Let m(c) = 17*c**3 + c**2. Let o be m(1). Let b be -3 + 1 - (2 + -6). What is the greatest common factor of o and b?
2
Let g = 8 + -4. Suppose 5*d - 6*d + g = 0. Suppose 2*y + m - 12 = 0, -m = y + 2*m + d. What is the greatest common divisor of y and 12?
4
Suppose 30 = -3*b + 8*b. Suppose 60 = b*o - o. Calculate the greatest common divisor of 132 and o.
12
Suppose -5*q + q - 3*s + 20 = 0, -2*q = s - 10. Suppose 0 = 4*f + 2*a - 10, 0 = -5*f + 3*a + 9 - 2. Calculate the highest common divisor of f and q.
1
Suppose -30 = -k + 5*y, -2*k + 0*k + 28 = -2*y. Suppose 13*l = 19*l - 420. What is the highest common divisor of l and k?
10
Let d = 2 - -7. Calculate the greatest common factor of 9 and d.
9
Suppose -4*f - 3*f + 168 = 0. Calculate the highest common factor of 3 and f.
3
Suppose -2*r + 6*r - 396 = 0. Calculate the highest common divisor of 11 and r.
11
Let s = -125 + 209. Calculate the greatest common factor of s and 12.
12
Let v be (1 - 0)*(5 - 2) - -30. What